{"id":427,"date":"2016-06-19T22:41:16","date_gmt":"2016-06-19T20:41:16","guid":{"rendered":"http:\/\/koerper-psychotherapie.ch\/?page_id=427"},"modified":"2026-03-31T16:59:32","modified_gmt":"2026-03-31T14:59:32","slug":"impressum","status":"publish","type":"page","link":"https:\/\/koerper-psychotherapie.ch\/index.php\/impressum\/","title":{"rendered":"Impressum"},"content":{"rendered":"<p>Texte und verantwortlich f\u00fcr den Inhalt: Nicole Tr\u00f6ndle<br \/>\nWeb-Design: Marianne Steiner, stonepage@bluewin.ch<br \/>\nFoto, Portrait: Jen\u00f6 G\u00f6si,\u00a0AFF Productions,\u00a0Animation, Foto, Film,\u00a0St. Kalistrasse 2,\u00a06004 Luzern,\u00a0foto@pans.ch<\/p>\n","protected":false},"excerpt":{"rendered":"<p>Texte und verantwortlich f\u00fcr den Inhalt: Nicole Tr\u00f6ndle Web-Design: Marianne Steiner, stonepage@bluewin.ch Foto, Portrait: Jen\u00f6 G\u00f6si,\u00a0AFF Productions,\u00a0Animation, Foto, Film,\u00a0St. Kalistrasse 2,\u00a06004 Luzern,\u00a0foto@pans.ch&hellip; <a class=\"read-more\" href=\"https:\/\/koerper-psychotherapie.ch\/index.php\/impressum\/\">Read More<\/a><\/p>\n","protected":false},"author":1,"featured_media":0,"parent":0,"menu_order":0,"comment_status":"closed","ping_status":"closed","template":"page-nosidebar.php","meta":{"footnotes":""},"class_list":["post-427","page","type-page","status-publish","hentry"],"jetpack_sharing_enabled":true,"_links":{"self":[{"href":"https:\/\/koerper-psychotherapie.ch\/index.php\/wp-json\/wp\/v2\/pages\/427","targetHints":{"allow":["GET"]}}],"collection":[{"href":"https:\/\/koerper-psychotherapie.ch\/index.php\/wp-json\/wp\/v2\/pages"}],"about":[{"href":"https:\/\/koerper-psychotherapie.ch\/index.php\/wp-json\/wp\/v2\/types\/page"}],"author":[{"embeddable":true,"href":"https:\/\/koerper-psychotherapie.ch\/index.php\/wp-json\/wp\/v2\/users\/1"}],"replies":[{"embeddable":true,"href":"https:\/\/koerper-psychotherapie.ch\/index.php\/wp-json\/wp\/v2\/comments?post=427"}],"version-history":[{"count":3,"href":"https:\/\/koerper-psychotherapie.ch\/index.php\/wp-json\/wp\/v2\/pages\/427\/revisions"}],"predecessor-version":[{"id":558,"href":"https:\/\/koerper-psychotherapie.ch\/index.php\/wp-json\/wp\/v2\/pages\/427\/revisions\/558"}],"wp:attachment":[{"href":"https:\/\/koerper-psychotherapie.ch\/index.php\/wp-json\/wp\/v2\/media?parent=427"}],"curies":[{"name":"wp","href":"https:\/\/api.w.org\/{rel}","templated":true}]}}