{"id":504,"date":"2023-09-04T15:57:42","date_gmt":"2023-09-04T13:57:42","guid":{"rendered":"https:\/\/koerper-psychotherapie.ch\/?page_id=504"},"modified":"2026-03-31T16:58:21","modified_gmt":"2026-03-31T14:58:21","slug":"datenschutzerklaerung","status":"publish","type":"page","link":"https:\/\/koerper-psychotherapie.ch\/index.php\/datenschutzerklaerung\/","title":{"rendered":"Datenschutzerkl\u00e4rung"},"content":{"rendered":"\n<p>Willkommen auf der Webseite meiner K\u00f6rperpsychologiepraxis. Die nachfolgende Datenschutzerkl\u00e4rung gilt f\u00fcr die Nutzung meiner Webseite sowie der darauf angebotenen Dienstleistungen. Die vorliegende Datenschutzerkl\u00e4rung informiert Sie \u00fcber die Bearbeitung personenbezogener Daten w\u00e4hrend Ihres Besuchs auf dieser Webseite.<\/p>\n\n\n\n<p>Die Bearbeitung Ihrer personenbezogenen Daten geschehen unter Beachtung der geltenden daten- schutzrechtlichen Gesetze und Anforderungen.<\/p>\n\n\n\n<h4 class=\"wp-block-heading\">Erfassung von allgemeinen Daten und Informationen<\/h4>\n\n\n\n<p>Mit jedem Aufruf meiner Webseite werden eine Reihe von allgemeinen Daten und Informationen er- fasst, auch solche, die einen Personenbezug haben. Diese Daten und Informationen werden in den Log- files des Servers gespeichert. Erfasst werden k\u00f6nnen die verwendeten Browsertypen und Versionen, das vom zugreifenden System verwendete Betriebssystem, die Webseite, von welcher ein zugreifendes System auf meine Webseite gelangt (sogenannte Referrer), die Unterwebseiten, welche \u00fcber ein zu- greifendes System auf meiner Webseite angesteuert werden, das Datum und die Uhrzeit eines Zugriffs auf die Webseite, eine Internet-Protokoll-Adresse (IP-Adresse), der Internet-Service-Provider des zu- greifenden Systems und sonstige \u00e4hnliche Daten und Informationen, die der Gefahrenabwehr im Falle von Angriffen auf meine IT-Infrastruktur dienen.<\/p>\n\n\n\n<h4 class=\"wp-block-heading\">Personendaten<\/h4>\n\n\n\n<p>Personendaten sind alle Angaben, die sich auf bestimmte oder bestimmbare Personen beziehen. Die Bearbeitung umfasst jeden Umgang mit Personendaten, insbesondere das Aufbewahren, Bekanntge- ben, Beschaffen, Erheben, L\u00f6schen, Speichern, Ver\u00e4ndern, Vernichten und Verwenden.<\/p>\n\n\n\n<h4 class=\"wp-block-heading\">Art, Zweck und Umfang der Bearbeitung<\/h4>\n\n\n\n<p>Mit der Nutzung dieser Webseite erkl\u00e4ren Sie sich mit der Bearbeitung Ihrer Personendaten gem\u00e4ss der vorliegenden Datenschutzerkl\u00e4rung einverstanden.<\/p>\n\n\n\n<p>Es werden nur solche Personendaten bearbeitet, die notwendig sind, um die Inhalte der Webseite korrekt darzustellen, die Inhalte der Webseite zu optimieren, die dauerhafte Funktionsf\u00e4higkeit der IT-Infrastruktur und der Technik der Webseite zu gew\u00e4hrleisten sowie um im Falle eines Cyberangriffes den Strafverfolgungsbeh\u00f6rden die notwendigen Informationen bereitzustellen.<\/p>\n\n\n\n<p>Die Personendaten werden f\u00fcr die Dauer bearbeitet, die f\u00fcr den eben erw\u00e4hnten Zweck erforderlich ist. Personendaten, deren Bearbeitung nicht mehr erforderlich ist, werden anonymisiert oder gel\u00f6scht.<\/p>\n\n\n\n<h4 class=\"wp-block-heading\">Datensicherheit und Haftung<\/h4>\n\n\n\n<p>Es werden angemessene sowie geeignete technische und organisatorische Massnahmen getroffen, um den Datenschutz und die Datensicherheit zu gew\u00e4hrleisten. Trotz solcher Massnahmen kann es bei der Bearbeitung von Personendaten im Internet zu Verletzungen des Datenschutzes kommen. Daher k\u00f6nnen Ich keine absolute Datensicherheit gew\u00e4hrleisten und lehnen jegliche Haftung bei der Nutzung dieser Webseite ab (auch f\u00fcr verlinkte Webseiten).<\/p>\n\n\n\n<h4 class=\"wp-block-heading\">Links anderer Webseiten<\/h4>\n\n\n\n<p>Diese Webseite kann Links zu Webseiten anderer Anbieter enthalten. Meine Praxis hat keinen Einfluss auf diese Webseiten, deren Inhalte, Angebote oder Verf\u00fcgbarkeit oder die dort geltenden Datenschutzerkl\u00e4rungen und -bestimmungen.<\/p>\n\n\n\n<h4 class=\"wp-block-heading\">Cookies und weitere Serviceangebote<\/h4>\n\n\n\n<p>Meine Psychologiepraxis kann auf ihrer Webseite Cookies verwenden. Cookies enthalten eine soge- nannte Cookie-ID, eine eindeutige Kennung des Cookies, welche Webseiten und Server einem konkre- ten Internetbrowser zuordnet. Ein bestimmter Internetbrowser kann \u00fcber diese eindeutige Cookie-ID wiedererkannt und identifiziert werden.<\/p>\n\n\n\n<p>Solche Informationen \u00fcber die Nutzung dieser Webseite (einschliesslich Ihrer IP-Adresse) k\u00f6nnen z.B. im Falle von Google Analytics an Server im Ausland \u00fcbertragen und dort gespeichert werden. Mit der Nutzung meiner Webseite erkl\u00e4ren Sie sich einverstanden mit der \u00dcbertragung dieser Daten.<\/p>\n\n\n\n<h4 class=\"wp-block-heading\">Kommunikationsm\u00f6glichkeiten<\/h4>\n\n\n\n<p>Die Webseite meiner Psychologiepraxis enth\u00e4lt gewisse Angaben, die eine schnelle elektronische Kon- taktaufnahme sowie eine unmittelbare Kommunikation erm\u00f6glichen, was ebenfalls eine allgemeine E- Mail-Adresse umfasst. Nehmen Sie \u00fcber die auf meiner Webseite angebotenen Kommunikationsm\u00f6glichkeiten Kontakt mit mir auf, werden Ihre Kontaktangaben und Inhalte lediglich zur Bearbeitung und Beantwortung Ihrer Anfrage verwendet.<\/p>\n\n\n\n<p>Bitte beachten Sie: Es kann nicht sichergestellt werden, dass Ihre Daten vertraulich \u00fcbermittelt wer- den. Deshalb sollen bei dieser Kontaktaufnahme keine vertraulichen Daten (pers\u00f6nliche oder gesund- heitliche Anliegen etc.) \u00fcbermittelt werden.<\/p>\n\n\n\n<h4 class=\"wp-block-heading\">Ihre Rechte<\/h4>\n\n\n\n<p>Gest\u00fctzt auf das Datenschutzgesetz haben Sie verschiedene Rechte wie beispielsweise ein Recht auf Auskunft sowie das Recht auf Berichtigung, L\u00f6schung oder Sperrung der bearbeiteten Personendaten. Zur Geltendmachung Ihrer Rechte setzen Sie sich bitte mit der K\u00f6rperpsychologiepraxis in Verbindung. Ich stehen Ihnen f\u00fcr weitere diesbez\u00fcgliche Informationen gerne zur Verf\u00fcgung.<\/p>\n\n\n\n<h4 class=\"wp-block-heading\">\u00c4nderungen<\/h4>\n\n\n\n<p>Meine K\u00f6rperpsychologiepraxis kann diese Datenschutzerkl\u00e4rung jederzeit ohne Vorank\u00fcndigung anpassen. Es gilt die jeweils aktuelle, auf meiner Webseite publizierte Fassung. Soweit die Datenschutzerkl\u00e4rung Teil eines Vertrages mit Ihnen ist, werden ich Sie im Falle einer Aktualisierung \u00fcber die \u00c4nderung per E- Mail oder auf andere geeignete Weise informieren.<\/p>\n\n\n\n<p>08. September 2023<\/p>\n","protected":false},"excerpt":{"rendered":"<p>Willkommen auf der Webseite meiner K\u00f6rperpsychologiepraxis. Die nachfolgende Datenschutzerkl\u00e4rung gilt f\u00fcr die Nutzung meiner Webseite sowie der darauf angebotenen Dienstleistungen. Die vorliegende Datenschutzerkl\u00e4rung informiert Sie \u00fcber die Bearbeitung personenbezogener Daten w\u00e4hrend Ihres Besuchs auf dieser Webseite. Die Bearbeitung Ihrer personenbezogenen Daten geschehen unter Beachtung der geltenden daten- schutzrechtlichen Gesetze und Anforderungen. Erfassung von allgemeinen Daten&hellip; <a class=\"read-more\" href=\"https:\/\/koerper-psychotherapie.ch\/index.php\/datenschutzerklaerung\/\">Read More<\/a><\/p>\n","protected":false},"author":1,"featured_media":0,"parent":0,"menu_order":0,"comment_status":"closed","ping_status":"closed","template":"page-nosidebar.php","meta":{"footnotes":""},"class_list":["post-504","page","type-page","status-publish","hentry"],"jetpack_sharing_enabled":true,"_links":{"self":[{"href":"https:\/\/koerper-psychotherapie.ch\/index.php\/wp-json\/wp\/v2\/pages\/504","targetHints":{"allow":["GET"]}}],"collection":[{"href":"https:\/\/koerper-psychotherapie.ch\/index.php\/wp-json\/wp\/v2\/pages"}],"about":[{"href":"https:\/\/koerper-psychotherapie.ch\/index.php\/wp-json\/wp\/v2\/types\/page"}],"author":[{"embeddable":true,"href":"https:\/\/koerper-psychotherapie.ch\/index.php\/wp-json\/wp\/v2\/users\/1"}],"replies":[{"embeddable":true,"href":"https:\/\/koerper-psychotherapie.ch\/index.php\/wp-json\/wp\/v2\/comments?post=504"}],"version-history":[{"count":8,"href":"https:\/\/koerper-psychotherapie.ch\/index.php\/wp-json\/wp\/v2\/pages\/504\/revisions"}],"predecessor-version":[{"id":555,"href":"https:\/\/koerper-psychotherapie.ch\/index.php\/wp-json\/wp\/v2\/pages\/504\/revisions\/555"}],"wp:attachment":[{"href":"https:\/\/koerper-psychotherapie.ch\/index.php\/wp-json\/wp\/v2\/media?parent=504"}],"curies":[{"name":"wp","href":"https:\/\/api.w.org\/{rel}","templated":true}]}}

Datenschutzerklärung

<p>Willkommen auf der Webseite meiner Körperpsychologiepraxis. Die nachfolgende Datenschutzerklärung gilt für die Nutzung meiner Webseite sowie der darauf angebotenen Dienstleistungen. Die vorliegende Datenschutzerklärung informiert Sie über die Bearbeitung personenbezogener Daten während Ihres Besuchs auf dieser Webseite.</p>



<p>Die Bearbeitung Ihrer personenbezogenen Daten geschehen unter Beachtung der geltenden daten- schutzrechtlichen Gesetze und Anforderungen.</p>



<h4 class="wp-block-heading">Erfassung von allgemeinen Daten und Informationen</h4>



<p>Mit jedem Aufruf meiner Webseite werden eine Reihe von allgemeinen Daten und Informationen er- fasst, auch solche, die einen Personenbezug haben. Diese Daten und Informationen werden in den Log- files des Servers gespeichert. Erfasst werden können die verwendeten Browsertypen und Versionen, das vom zugreifenden System verwendete Betriebssystem, die Webseite, von welcher ein zugreifendes System auf meine Webseite gelangt (sogenannte Referrer), die Unterwebseiten, welche über ein zu- greifendes System auf meiner Webseite angesteuert werden, das Datum und die Uhrzeit eines Zugriffs auf die Webseite, eine Internet-Protokoll-Adresse (IP-Adresse), der Internet-Service-Provider des zu- greifenden Systems und sonstige ähnliche Daten und Informationen, die der Gefahrenabwehr im Falle von Angriffen auf meine IT-Infrastruktur dienen.</p>



<h4 class="wp-block-heading">Personendaten</h4>



<p>Personendaten sind alle Angaben, die sich auf bestimmte oder bestimmbare Personen beziehen. Die Bearbeitung umfasst jeden Umgang mit Personendaten, insbesondere das Aufbewahren, Bekanntge- ben, Beschaffen, Erheben, Löschen, Speichern, Verändern, Vernichten und Verwenden.</p>



<h4 class="wp-block-heading">Art, Zweck und Umfang der Bearbeitung</h4>



<p>Mit der Nutzung dieser Webseite erklären Sie sich mit der Bearbeitung Ihrer Personendaten gemäss der vorliegenden Datenschutzerklärung einverstanden.</p>



<p>Es werden nur solche Personendaten bearbeitet, die notwendig sind, um die Inhalte der Webseite korrekt darzustellen, die Inhalte der Webseite zu optimieren, die dauerhafte Funktionsfähigkeit der IT-Infrastruktur und der Technik der Webseite zu gewährleisten sowie um im Falle eines Cyberangriffes den Strafverfolgungsbehörden die notwendigen Informationen bereitzustellen.</p>



<p>Die Personendaten werden für die Dauer bearbeitet, die für den eben erwähnten Zweck erforderlich ist. Personendaten, deren Bearbeitung nicht mehr erforderlich ist, werden anonymisiert oder gelöscht.</p>



<h4 class="wp-block-heading">Datensicherheit und Haftung</h4>



<p>Es werden angemessene sowie geeignete technische und organisatorische Massnahmen getroffen, um den Datenschutz und die Datensicherheit zu gewährleisten. Trotz solcher Massnahmen kann es bei der Bearbeitung von Personendaten im Internet zu Verletzungen des Datenschutzes kommen. Daher können Ich keine absolute Datensicherheit gewährleisten und lehnen jegliche Haftung bei der Nutzung dieser Webseite ab (auch für verlinkte Webseiten).</p>



<h4 class="wp-block-heading">Links anderer Webseiten</h4>



<p>Diese Webseite kann Links zu Webseiten anderer Anbieter enthalten. Meine Praxis hat keinen Einfluss auf diese Webseiten, deren Inhalte, Angebote oder Verfügbarkeit oder die dort geltenden Datenschutzerklärungen und -bestimmungen.</p>



<h4 class="wp-block-heading">Cookies und weitere Serviceangebote</h4>



<p>Meine Psychologiepraxis kann auf ihrer Webseite Cookies verwenden. Cookies enthalten eine soge- nannte Cookie-ID, eine eindeutige Kennung des Cookies, welche Webseiten und Server einem konkre- ten Internetbrowser zuordnet. Ein bestimmter Internetbrowser kann über diese eindeutige Cookie-ID wiedererkannt und identifiziert werden.</p>



<p>Solche Informationen über die Nutzung dieser Webseite (einschliesslich Ihrer IP-Adresse) können z.B. im Falle von Google Analytics an Server im Ausland übertragen und dort gespeichert werden. Mit der Nutzung meiner Webseite erklären Sie sich einverstanden mit der Übertragung dieser Daten.</p>



<h4 class="wp-block-heading">Kommunikationsmöglichkeiten</h4>



<p>Die Webseite meiner Psychologiepraxis enthält gewisse Angaben, die eine schnelle elektronische Kon- taktaufnahme sowie eine unmittelbare Kommunikation ermöglichen, was ebenfalls eine allgemeine E- Mail-Adresse umfasst. Nehmen Sie über die auf meiner Webseite angebotenen Kommunikationsmöglichkeiten Kontakt mit mir auf, werden Ihre Kontaktangaben und Inhalte lediglich zur Bearbeitung und Beantwortung Ihrer Anfrage verwendet.</p>



<p>Bitte beachten Sie: Es kann nicht sichergestellt werden, dass Ihre Daten vertraulich übermittelt wer- den. Deshalb sollen bei dieser Kontaktaufnahme keine vertraulichen Daten (persönliche oder gesund- heitliche Anliegen etc.) übermittelt werden.</p>



<h4 class="wp-block-heading">Ihre Rechte</h4>



<p>Gestützt auf das Datenschutzgesetz haben Sie verschiedene Rechte wie beispielsweise ein Recht auf Auskunft sowie das Recht auf Berichtigung, Löschung oder Sperrung der bearbeiteten Personendaten. Zur Geltendmachung Ihrer Rechte setzen Sie sich bitte mit der Körperpsychologiepraxis in Verbindung. Ich stehen Ihnen für weitere diesbezügliche Informationen gerne zur Verfügung.</p>



<h4 class="wp-block-heading">Änderungen</h4>



<p>Meine Körperpsychologiepraxis kann diese Datenschutzerklärung jederzeit ohne Vorankündigung anpassen. Es gilt die jeweils aktuelle, auf meiner Webseite publizierte Fassung. Soweit die Datenschutzerklärung Teil eines Vertrages mit Ihnen ist, werden ich Sie im Falle einer Aktualisierung über die Änderung per E- Mail oder auf andere geeignete Weise informieren.</p>



<p>08. September 2023</p>

<p>Willkommen auf der Webseite meiner Körperpsychologiepraxis. Die nachfolgende Datenschutzerklärung gilt für die Nutzung meiner Webseite sowie der darauf angebotenen Dienstleistungen. Die vorliegende Datenschutzerklärung informiert Sie über die Bearbeitung personenbezogener Daten während Ihres Besuchs auf dieser Webseite. Die Bearbeitung Ihrer personenbezogenen Daten geschehen unter Beachtung der geltenden daten- schutzrechtlichen Gesetze und Anforderungen. Erfassung von allgemeinen Daten&hellip; <a class="read-more" href="https://koerper-psychotherapie.ch/index.php/datenschutzerklaerung/">Read More</a></p>
